 be ((40/(-6))/(-4))/((-2)/(-102)). What is the greatest common divisor of s and 17?
17
Suppose s + 5*m = -22, s + 2*m = 2*s - 13. Suppose 0*p = -s*p + 48. What is the greatest common factor of p and 40?
8
Let c = -18 + 100. Let r = c + -57. Suppose r = -5*x, -b + 6*b = 3*x + 75. What is the highest common divisor of b and 30?
6
Suppose 3*b - 4*o = -2*b - 11, 4*b = o. Suppose -10*j = -91 + 41. What is the greatest common divisor of b and j?
1
Let a(t) be the first derivative of -2 - t + 23/2*t**2. Let q be a(1). What is the greatest common divisor of q and 2?
2
Suppose -4*q + 4*u - 200 = 0, 4*u + 68 = -4*q - 108. Let k = 73 + q. What is the greatest common divisor of 26 and k?
26
Let x be (-5 - -3) + (0 - -2). Suppose x = h - 3 - 2. What is the greatest common factor of h and 25?
5
Suppose 0*q = 3*q + 3. Let g be (-21)/((2 - 1)/q). Calculate the highest common factor of g and 105.
21
Let n = -4 - -24. Suppose 0 = -0*v - 2*v + n. Let z(p) = 2*p**2 - 5*p + 5. Let m be z(-5). What is the highest common factor of v and m?
10
Let l be (-72)/(-10) + (-1)/5. Suppose z + 5*m = 211, 0 = 4*z - 2*m + l*m - 859. Calculate the highest common divisor of z and 27.
27
Suppose 0 = -o + 2*j + 118, 75 - 492 = -4*o - 3*j. Let q = -31 + 43. What is the greatest common factor of o and q?
12
Suppose -4*c - 3 = 9, -5*g + 3*c - 21 = 0. Let u = g - -8. Suppose 0 = -3*z - 5*x + 71, -5*x + 4*x = u. What is the highest common divisor of 3 and z?
3
Let f be (2/(-2))/(2/(-178)). Let r be (-4)/16 + f/4. Let u = -62 + 260. Calculate the highest common factor of u and r.
22
Suppose 3*a + 0*v = 3*v + 21, 20 = 4*a - 2*v. Suppose -w + 4 = 4*u, a = -u + 2. What is the greatest common factor of 8 and w?
8
Suppose 3*m = -m + 384. Suppose 0*b - m = -4*b. What is the highest common divisor of b and 60?
12
Suppose o - 6*o = -70. Let s be 176/28 - 4/o. Suppose 15 = -x + 4*x - 2*i, -2*i = -x + 9. Calculate the greatest common factor of s and x.
3
Suppose -6*p + 31 - 7 = 0. Let n = 11 + -7. Calculate the highest common factor of n and p.
4
Suppose 0*n + 4*n = 2*s, 5*n = -s + 7. Let x be (-5)/(-1) - 2/n. Suppose -x*t + 480 = t. What is the greatest common divisor of 20 and t?
20
Let d = -69 + 79. Calculate the highest common divisor of d and 50.
10
Let f(l) = l**2 - 3*l + 6. Let b be f(3). Calculate the greatest common divisor of b and 6.
6
Suppose 170 - 26 = q. Calculate the highest common factor of 18 and q.
18
Let n(o) = o + 13. Let j be n(-9). Calculate the highest common factor of j and 8.
4
Let p be 27/72 - (-1213)/8. What is the highest common divisor of 19 and p?
19
Let l(s) = -s**2 + 11*s - 7. Suppose 18 + 10 = 4*u. Let g be l(u). Let y be ((-13)/(-26))/(1/14). Calculate the highest common factor of g and y.
7
Suppose -n = -6*n - 3*v + 5, -v = 5*n - 5. Let u be n/((-2)/(-218)) + 1. Calculate the greatest common divisor of u and 22.
22
Let x(j) = j**2 - 11*j + 12. Let m be x(11). Calculate the greatest common factor of 36 and m.
12
Suppose 9*x - 4*x - 3*g = 38, 4*g = 2*x - 4. Calculate the greatest common divisor of x and 10.
10
Suppose -12 = 3*c, u = 5*c - 6*c - 102. Let f be u/(-4) + 2/4. What is the greatest common divisor of 5 and f?
5
Suppose -3*u = -r + 88 + 11, 4*r = -2*u + 396. Suppose -4*f = 12, 5*n - 5*f = 3*n + r. Calculate the greatest common divisor of 6 and n.
6
Let b(r) = -10*r - 4. Let k(m) = -9*m - 4. Let w(y) = 2*b(y) - 3*k(y). Let u be w(3). Suppose -4*j + u = 1. Calculate the greatest common divisor of 6 and j.
6
Let t be 143 + 0 + 1 + -1. Suppose 8*h - 87 - 17 = 0. Calculate the greatest common divisor of t and h.
13
Suppose 0 = -2*c + w + 7, -2*c + 2*w + 1 = 3*w. Suppose c*z - y = -0*z + 215, 4*z - 400 = -4*y. Calculate the greatest common factor of 21 and z.
21
Let n = -19 + 32. Suppose -3*c + n = -5. Suppose 3*r = 4*r - c. Calculate the highest common factor of 6 and r.
6
Let d be 36*(-4 - (-65)/15). Calculate the highest common divisor of d and 24.
12
Let n be -6*((-6)/4 + 1). Suppose 0 = 2*s + n*r - 44 - 20, 4*s + r = 138. What is the highest common factor of s and 14?
7
Suppose -2*c + 4*s = 6 - 14, 5*s + 25 = 0. Let w(v) = v**2 + 4*v - 1. Let a be w(c). What is the highest common divisor of a and 88?
11
Let v(z) = -3*z - 3. Let q be v(-8). Suppose 4*g - q = g. Calculate the highest common factor of 7 and g.
7
Suppose 250 + 300 = 5*q. Let i(n) = 3*n**2 + 2*n + 2. Let x be i(-2). What is the highest common factor of x and q?
10
Let x be ((-2)/(-3))/(1/3). Suppose -q + 0*q = 3*o - 3, 0 = 5*o + x*q - 5. Suppose -3*l - 2*l = -55. Calculate the highest common divisor of l and o.
1
Suppose 2*o - 3 - 7 = 0. Let h(w) = w**3 + 4*w**2 - 4. Let l be h(-3). Calculate the highest common factor of l and o.
5
Let u = -5 - 44. Let o = u + 76. Calculate the greatest common divisor of o and 18.
9
Suppose -3*b - 2 = n - 28, -2*n - 4*b = -60. Suppose -4*j = -n - 14. Let z = -7 + j. What is the greatest common divisor of 6 and z?
6
Let y = -65 + 114. What is the greatest common factor of y and 245?
49
Let o(w) = -147*w**2 + 3*w - 2. Let r be o(1). Let s = -94 - r. What is the greatest common divisor of s and 13?
13
Let p be (-290)/(-12) - 9/54. Calculate the greatest common factor of 12 and p.
12
Let t = -11 + 17. Calculate the greatest common factor of 3 and t.
3
Let u = 12 - 9. Suppose u*m = -2*m + 80. Calculate the greatest common divisor of 32 and m.
16
Let f(q) = 0*q + 4*q + q + 1. Let r be f(5). What is the highest common factor of 65 and r?
13
Let x(l) = l**3 - 7*l**2 + 9*l - 5. Let u be x(6). Calculate the greatest common divisor of u and 13.
13
Suppose -9 - 10 = -4*r + 3*m, 3*m - 1 = -r. Suppose 4*w + 3*d - 311 = 0, -6*w + r*d + 227 = -3*w. Calculate the greatest common divisor of w and 7.
7
Suppose -y + 98 + 73 = -2*m, 513 = 3*y - 5*m. Calculate the highest common factor of y and 19.
19
Suppose -49 = -7*u + 196. Calculate the greatest common divisor of 70 and u.
35
Let d(r) = -r**2 - 19*r - 51. Let j be d(-15). Let n be (1 - (12 - -1))*-3. What is the greatest common factor of j and n?
9
Let v = 8 + 25. Let s = 2 + 1. What is the highest common factor of s and v?
3
Let n = 4 - -2. Calculate the greatest common factor of n and 18.
6
Let l be ((-3)/(-9))/(2/30). Suppose 3*p - 4*p + 39 = s, l*p - 25 = 0. Let c = -20 + s. What is the highest common divisor of c and 28?
14
Let p(v) = 37*v + 31. Let r be p(5). Calculate the greatest common factor of 24 and r.
24
Let a(m) = -m**3 - 8*m**2 - 7*m + 1. Let x be a(-7). Let b be -2 - (-32)/(3 - x). What is the greatest common factor of b and 21?
7
Let f be ((-1)/3)/(3/(-27)). Suppose 2*k - 1 = f. Suppose -4*v = -x - k*x - 37, 62 = 4*v + 2*x. What is the highest common divisor of v and 13?
13
Let c(n) = n**2 + 4*n - 2. Let h be 1*((2 - 10) + 2). Let b be c(h). Let s = -161 - -241. What is the highest common divisor of s and b?
10
Let p = 47 + -31. Let g = -56 + 120. Calculate the highest common divisor of g and p.
16
Let k be (156/(-3))/(4 - 6). What is the highest common factor of 26 and k?
26
Let t(p) = p**2 + 6. Let q be t(0). Let f = 11 - q. Suppose 0 = 4*h + f*w - 4, -h + 2*w + 5 = -9. Calculate the highest common factor of h and 66.
6
Suppose 6*q - 12 = 3*q. Calculate the highest common factor of 12 and q.
4
Let r be (-3)/(-6) - 1710/(-4). Suppose -i + n + 79 = -2*n, -4*n - r = -5*i. Calculate the greatest common divisor of 8 and i.
8
Let y = -23 - -39. Calculate the greatest common factor of y and 40.
8
Let a = 125 + 59. What is the highest common factor of a and 23?
23
Let b(q) = 4*q - 4. Let t = 1 - -2. Let s be b(t). Calculate the highest common divisor of s and 8.
8
Suppose q - 3*s = -2*q + 36, -2*q - 2*s = -12. What is the highest common divisor of q and 99?
9
Let w be (0 - 12/(-10))*5. What is the highest common factor of w and 15?
3
Suppose 26 = q + q. What is the highest common factor of 26 and q?
13
Let l be 4/6 - 22/6. Let p be 65/(-7) + (-2)/(-7). Let t be 11 - l/(p/3). What is the greatest common factor of t and 50?
10
Let v = -373 - -560. What is the greatest common factor of v and 17?
17
Let k(s) = -2*s - 3. Let i be k(-4). What is the greatest common divisor of i and 25?
5
Let w(n) = -3*n**2 + 2*n + 8. Let t(z) = 2*z**2 - 3*z - 9. Let d(c) = -5*t(c) - 6*w(c). Let x be d(3). What is the greatest common d